24
What is the remainder when 8499 is divided by 19?
6
What is the remainder when 22987 is divided by 27?
10
What is the remainder when 219428 is divided by 21?
20
What is the remainder when 28843 is divided by 206?
3
Calculate the remainder when 3842 is divided by 547.
13
Calculate the remainder when 42537 is divided by 3.
0
What is the remainder when 89920 is divided by 93?
82
What is the remainder when 1452 is divided by 531?
390
What is the remainder when 402 is divided by 378?
24
What is the remainder when 45052 is divided by 70?
42
What is the remainder when 4632 is divided by 310?
292
Calculate the remainder when 823 is divided by 389.
45
Calculate the remainder when 208570 is divided by 26.
24
What is the remainder when 2305711 is divided by 32?
15
What is the remainder when 4826 is divided by 124?
114
Calculate the remainder when 8903260 is divided by 6.
4
What is the remainder when 154412 is divided by 3431?
17
Calculate the remainder when 41092 is divided by 9.
7
What is the remainder when 134819 is divided by 19249?
76
What is the remainder when 99559 is divided by 57?
37
What is the remainder when 40772 is divided by 38?
36
Calculate the remainder when 1985 is divided by 186.
125
What is the remainder when 21340 is divided by 243?
199
Calculate the remainder when 3497 is divided by 29.
17
What is the remainder when 86343 is divided by 43141?
61
Calculate the remainder when 27686 is divided by 992.
902
Calculate the remainder when 7310 is divided by 7232.
78
What is the remainder when 482 is divided by 259?
223
What is the remainder when 250724 is divided by 93?
89
Calculate the remainder when 432869 is divided by 11.
8
Calculate the remainder when 87944 is divided by 137.
127
What is the remainder when 17850 is divided by 1707?
780
What is the remainder when 10947 is divided by 313?
305
What is the remainder when 2217 is divided by 725?
42
What is the remainder when 14030 is divided by 173?
17
Calculate the remainder when 1822 is divided by 565.
127
Calculate the remainder when 4928 is divided by 36.
32
Calculate the remainder when 966877 is divided by 12.
1
Calculate the remainder when 4335 is divided by 222.
117
Calculate the remainder when 29656 is divided by 928.
888
Calculate the remainder when 1343 is divided by 53.
18
Calculate the remainder when 6694 is divided by 62.
60
What is the remainder when 75784 is divided by 2613?
7
What is the remainder when 580272 is divided by 193422?
6
Calculate the remainder when 712 is divided by 94.
54
What is the remainder when 10598 is divided by 3532?
2
Calculate the remainder when 16809 is divided by 190.
89
Calculate the remainder when 957 is divided by 573.
384
Calculate the remainder when 219623 is divided by 7.
5
Calculate the remainder when 30740 is divided by 10244.
8
Calculate the remainder when 89477 is divided by 90.
17
Calculate the remainder when 694001 is divided by 94.
93
Calculate the remainder when 82322 is divided by 4116.
2
Calculate the remainder when 686 is divided by 97.
7
What is the remainder when 11890 is divided by 1318?
28
Calculate the remainder when 201401 is divided by 1586.
1565
What is the remainder when 1131201 is divided by 1600?
1
What is the remainder when 39277 is divided by 2176?
109
What is the remainder when 5133 is divided by 649?
590
Calculate the remainder when 1675 is divided by 12.
7
Calculate the remainder when 24024 is divided by 100.
24
What is the remainder when 44710 is divided by 316?
154
Calculate the remainder when 37201 is divided by 37171.
30
Calculate the remainder when 78395 is divided by 38.
1
Calculate the remainder when 75267 is divided by 336.
3
Calculate the remainder when 1161 is divided by 88.
17
What is the remainder when 94506 is divided by 7875?
6
What is the remainder when 214651 is divided by 13?
8
What is the remainder when 3054 is divided by 146?
134
Calculate the remainder when 181490 is divided by 3.
2
Calculate the remainder when 5794 is divided by 5721.
73
What is the remainder when 193123 is divided by 24136?
35
What is the remainder when 275396 is divided by 4?
0
What is the remainder when 18860 is divided by 1109?
7
What is the remainder when 46868 is divided by 123?
5
What is the remainder when 3166 is divided by 79?
6
Calculate the remainder when 256 is divided by 105.
46
What is the remainder when 6906 is divided by 16?
10
What is the remainder when 1544 is divided by 129?
125
Calculate the remainder when 2578 is divided by 330.
268
What is the remainder when 188199 is divided by 200?
199
What is the remainder when 2171 is divided by 1637?
534
What is the remainder when 350724 is divided by 137?
4
What is the remainder when 31330 is divided by 12?
10
Calculate the remainder when 56496 is divided by 61.
10
Calculate the remainder when 342197 is divided by 342144.
53
What is the remainder when 904 is divided by 287?
43
Calculate the remainder when 18587 is divided by 14.
9
Calculate the remainder when 48094 is divided by 18.
16
Calculate the remainder when 667 is divided by 132.
7
What is the remainder when 37053 is divided by 482?
421
What is the remainder when 1943 is divided by 600?
143
What is the remainder when 795 is divided by 194?
19
Calculate the remainder when 5387562 is divided by 79.
78
Calculate the remainder when 45443 is divided by 149.
147
Calculate the remainder when 66744 is divided by 33.
18
What is the remainder when 538961 is divided by 129?
128
What is the remainder when 5875 is divided by 5?
0
Calculate the remainder when 12608 is divided by 3148.
16
Calculate the remainder when 20314 is divided by 101.
13
Calculate the remainder when 35410 is divided by 19.
13
What is the remainder when 31389 is divided by 3136?
29
What is the remainder when 10260 is divided by 154?
96
Calculate the remainder when 805515 is divided by 559.
555
Calculate the remainder when 18385 is divided by 37.
33
What is the remainder when 187326 is divided by 30?
6
Calculate the remainder when 68749 is divided by 73.
56
What is the remainder when 41332 is divided by 2951?
18
What is the remainder when 14484 is divided by 661?
603
Calculate the remainder when 162873 is divided by 61.
3
Calculate the remainder when 2845 is divided by 316.
1
What is the remainder when 14056 is divided by 4609?
229
What is the remainder when 35296 is divided by 1680?
16
Calculate the remainder when 11782 is divided by 302.
4
Calculate the remainder when 2553 is divided by 23.
0
What is the remainder when 1306 is divided by 242?
96
What is the remainder when 28779 is divided by 14386?
7
Calculate the remainder when 3658 is divided by 263.
239
Calculate the remainder when 24279 is divided by 22.
13
What is the remainder when 70179 is divided by 10020?
39
Calculate the remainder when 976482 is divided by 42455.
17
Calculate the remainder when 17665 is divided by 3494.
195
What is the remainder when 17898 is divided by 995?
983
Calculate the remainder when 143392 is divided by 71695.
2
What is the remainder when 4017 is divided by 2008?
1
Calculate the remainder when 432 is divided by 124.
60
What is the remainder when 26660 is divided by 918?
38
Calculate the remainder when 22208 is divided by 698.
570
Calculate the remainder when 66926 is divided by 138.
134
Calculate the remainder when 1300535 is divided by 216.
215
Calculate the remainder when 725915 is divided by 317.
302
Calculate the remainder when 33542 is divided by 4191.
14
What is the remainder when 1149 is divided by 476?
197
Calculate the remainder when 12844 is divided by 247.
0
Calculate the remainder when 7327 is divided by 29.
19
What is the remainder when 281281 is divided by 5515?
16
Calculate the remainder when 14779 is divided by 369.
19
Calculate the remainder when 54946 is divided by 23.
22
Calculate the remainder when 270376 is divided by 33.
7
What is the remainder when 167119 is divided by 2321?
7
Calculate the remainder when 24482 is divided by 159.
155
Calculate the remainder when 68989 is divided by 34491.
7
Calculate the remainder when 4203 is divided by 74.
59
What is the remainder when 4230 is divided by 163?
155
Calculate the remainder when 172597 is divided by 387.
382
Calculate the remainder when 4808 is divided by 566.
280
What is the remainder when 22